{"id":5179,"date":"2014-01-04T12:56:33","date_gmt":"2014-01-04T12:56:33","guid":{"rendered":"http:\/\/www.claude-arnaud.com\/fr\/?page_id=5179"},"modified":"2021-01-23T14:20:19","modified_gmt":"2021-01-23T13:20:19","slug":"chamfort-en-poche","status":"publish","type":"page","link":"https:\/\/www.claude-arnaud.com\/fr\/biographies\/chamfort\/chamfort-en-poche","title":{"rendered":"Chamfort : en poche\/ paperback Pluriel"},"content":{"rendered":"<p><img loading=\"lazy\" decoding=\"async\" class=\"alignleft size-medium wp-image-10873\" src=\"http:\/\/www.claude-arnaud.com\/fr\/wp-content\/uploads\/2021\/01\/563358_15990550-194x300.jpg\" alt=\"\" width=\"194\" height=\"300\" srcset=\"https:\/\/www.claude-arnaud.com\/fr\/wp-content\/uploads\/2021\/01\/563358_15990550-194x300.jpg 194w, https:\/\/www.claude-arnaud.com\/fr\/wp-content\/uploads\/2021\/01\/563358_15990550.jpg 400w\" sizes=\"auto, (max-width: 194px) 100vw, 194px\" \/><\/p>\n<h6><span style=\"color: #008000;\"><strong>Publi\u00e9e en 1989 dans la collection<\/strong><\/span> <strong>PLURIEL<\/strong>, dirig\u00e9e par <span style=\"color: #008000;\"><strong>Georges LI\u00c9BERT<\/strong><\/span>, l\u2019\u00e9dition de poche de la biographie de <strong>CHAMFORT\u00a0<span style=\"color: #008000;\">(N\u00b08525)<\/span><\/strong> contient en annexe un <strong>important dossier de presse<\/strong>\u2026<\/h6>\n<h6><strong><a href=\"https:\/\/theseas.reseaudoc.org\/index.php?lvl=notice_display&amp;id=1872\" target=\"_blank\" rel=\"noopener\">Pour conna\u00eetre le sommaire de ce livre<\/a>&#8230;<\/strong><\/h6>\n<h6><strong>Pour trouver cette edition:<\/strong>\u00a0 <a title=\"lien abebooks\" href=\"http:\/\/www.abebooks.fr\/servlet\/SearchResults?tn=Chamfort&amp;sortby=3&amp;sts=t&amp;an=arnaud&amp;y=15&amp;x=49&amp;kn=biographie\" target=\"_blank\" rel=\"noopener\">www.abebooks.fr<\/a> \u00a0\u00a0\u00a0\u00a0\u00a0\u00a0\u00a0\u00a0\u00a0\u00a0\u00a0\u00a0\u00a0\u00a0\u00a0\u00a0 <strong>OU BIEN<\/strong>: <a href=\"http:\/\/www.amazon.fr\/Chamfort-soixante-dix-anecdotes-dialogues-Collection\/dp\/0785939156\" target=\"_blank\" rel=\"noopener\">www.amazon.fr<\/a><\/h6>\n<h6><strong>En occasion :<\/strong> <a href=\"http:\/\/www.chapitre.com\/CHAPITRE\/fr\/BOOK\/arnaud-claude-chamfort-sebastien-roch-nicolas-de\/chamfort-biographie,993104.aspx#used\" target=\"_blank\" rel=\"noopener\">www.chapitre.com<\/a><\/h6>\n<h6><\/h6>\n","protected":false},"excerpt":{"rendered":"<p>Publi\u00e9e en 1989 dans la collection PLURIEL, dirig\u00e9e par Georges LI\u00c9BERT, l\u2019\u00e9dition de poche de la biographie de CHAMFORT\u00a0(N\u00b08525) contient en annexe un important dossier de presse\u2026 Pour conna\u00eetre le sommaire de ce livre&#8230; Pour trouver cette edition:\u00a0 www.abebooks.fr \u00a0\u00a0\u00a0\u00a0\u00a0\u00a0\u00a0\u00a0\u00a0\u00a0\u00a0\u00a0\u00a0\u00a0\u00a0\u00a0 OU BIEN: www.amazon.fr En occasion : www.chapitre.com<\/p>\n","protected":false},"author":2,"featured_media":0,"parent":20,"menu_order":4,"comment_status":"open","ping_status":"open","template":"","meta":{"footnotes":""},"class_list":["post-5179","page","type-page","status-publish","hentry","count-0","even alt","author-claude-arnaud","last"],"post_mailing_queue_ids":[],"_links":{"self":[{"href":"https:\/\/www.claude-arnaud.com\/fr\/wp-json\/wp\/v2\/pages\/5179","targetHints":{"allow":["GET"]}}],"collection":[{"href":"https:\/\/www.claude-arnaud.com\/fr\/wp-json\/wp\/v2\/pages"}],"about":[{"href":"https:\/\/www.claude-arnaud.com\/fr\/wp-json\/wp\/v2\/types\/page"}],"author":[{"embeddable":true,"href":"https:\/\/www.claude-arnaud.com\/fr\/wp-json\/wp\/v2\/users\/2"}],"replies":[{"embeddable":true,"href":"https:\/\/www.claude-arnaud.com\/fr\/wp-json\/wp\/v2\/comments?post=5179"}],"version-history":[{"count":11,"href":"https:\/\/www.claude-arnaud.com\/fr\/wp-json\/wp\/v2\/pages\/5179\/revisions"}],"predecessor-version":[{"id":11116,"href":"https:\/\/www.claude-arnaud.com\/fr\/wp-json\/wp\/v2\/pages\/5179\/revisions\/11116"}],"up":[{"embeddable":true,"href":"https:\/\/www.claude-arnaud.com\/fr\/wp-json\/wp\/v2\/pages\/20"}],"wp:attachment":[{"href":"https:\/\/www.claude-arnaud.com\/fr\/wp-json\/wp\/v2\/media?parent=5179"}],"curies":[{"name":"wp","href":"https:\/\/api.w.org\/{rel}","templated":true}]}}

<p><img loading="lazy" decoding="async" class="alignleft size-medium wp-image-10873" src="http://www.claude-arnaud.com/fr/wp-content/uploads/2021/01/563358_15990550-194x300.jpg" alt="" width="194" height="300" srcset="https://www.claude-arnaud.com/fr/wp-content/uploads/2021/01/563358_15990550-194x300.jpg 194w, https://www.claude-arnaud.com/fr/wp-content/uploads/2021/01/563358_15990550.jpg 400w" sizes="auto, (max-width: 194px) 100vw, 194px" /></p>
<h6><span style="color: #008000;"><strong>Publiée en 1989 dans la collection</strong></span> <strong>PLURIEL</strong>, dirigée par <span style="color: #008000;"><strong>Georges LIÉBERT</strong></span>, l’édition de poche de la biographie de <strong>CHAMFORT <span style="color: #008000;">(N°8525)</span></strong> contient en annexe un <strong>important dossier de presse</strong>…</h6>
<h6><strong><a href="https://theseas.reseaudoc.org/index.php?lvl=notice_display&amp;id=1872" target="_blank" rel="noopener">Pour connaître le sommaire de ce livre</a>&#8230;</strong></h6>
<h6><strong>Pour trouver cette edition:</strong>  <a title="lien abebooks" href="http://www.abebooks.fr/servlet/SearchResults?tn=Chamfort&amp;sortby=3&amp;sts=t&amp;an=arnaud&amp;y=15&amp;x=49&amp;kn=biographie" target="_blank" rel="noopener">www.abebooks.fr</a>                  <strong>OU BIEN</strong>: <a href="http://www.amazon.fr/Chamfort-soixante-dix-anecdotes-dialogues-Collection/dp/0785939156" target="_blank" rel="noopener">www.amazon.fr</a></h6>
<h6><strong>En occasion :</strong> <a href="http://www.chapitre.com/CHAPITRE/fr/BOOK/arnaud-claude-chamfort-sebastien-roch-nicolas-de/chamfort-biographie,993104.aspx#used" target="_blank" rel="noopener">www.chapitre.com</a></h6>
<h6></h6>

<p>Publiée en 1989 dans la collection PLURIEL, dirigée par Georges LIÉBERT, l’édition de poche de la biographie de CHAMFORT (N°8525) contient en annexe un important dossier de presse… Pour connaître le sommaire de ce livre&#8230; Pour trouver cette edition:  www.abebooks.fr                  OU BIEN: www.amazon.fr En occasion : www.chapitre.com</p>
