{"id":36,"date":"2009-05-26T19:17:21","date_gmt":"2009-05-26T17:17:21","guid":{"rendered":"http:\/\/www.claude-arnaud.com\/fr\/?page_id=36"},"modified":"2024-11-03T18:08:23","modified_gmt":"2024-11-03T17:08:23","slug":"la-quatrieme-de-couverture","status":"publish","type":"page","link":"https:\/\/www.claude-arnaud.com\/fr\/biographies\/la-quatrieme-de-couverture","title":{"rendered":"Cocteau"},"content":{"rendered":"<div><\/div>\n<blockquote>\n<h6><strong><img loading=\"lazy\" decoding=\"async\" class=\"alignleft size-full wp-image-4897\" src=\"http:\/\/www.claude-arnaud.com\/fr\/wp-content\/uploads\/2013\/11\/Arnaud-Claude-Jean-Cocteau-Livre-932991799_ML.jpg\" alt=\"\" width=\"270\" height=\"270\" srcset=\"https:\/\/www.claude-arnaud.com\/fr\/wp-content\/uploads\/2013\/11\/Arnaud-Claude-Jean-Cocteau-Livre-932991799_ML.jpg 270w, https:\/\/www.claude-arnaud.com\/fr\/wp-content\/uploads\/2013\/11\/Arnaud-Claude-Jean-Cocteau-Livre-932991799_ML-150x150.jpg 150w, https:\/\/www.claude-arnaud.com\/fr\/wp-content\/uploads\/2013\/11\/Arnaud-Claude-Jean-Cocteau-Livre-932991799_ML-48x48.jpg 48w\" sizes=\"auto, (max-width: 270px) 100vw, 270px\" \/>La seconde biographie de <span style=\"color: #008000;\">CLAUDE ARNAUD<\/span>, <em><span style=\"color: #000000;\">COCTEAU<\/span><\/em>, para\u00eet en ao\u00fbt 2003 chez Gallimard (ISBN : 2-07-075233-X)<\/strong>.<\/h6>\n<h6><\/h6>\n<h6>Accompagn\u00e9e par un \u00e9diteur d\u2019exception, <span style=\"color: #008000;\"><strong>Georges LI\u00c9BERT<\/strong><\/span>, d\u00e9j\u00e0 en charge de la biographie de <span style=\"color: #008000;\"><strong>CHAMFORT<\/strong><\/span> chez R. Laffont, cette biographie b\u00e9n\u00e9ficie d\u2019une presse enthousiaste avant que ne s\u2019ouvre, au <a href=\"https:\/\/www.centrepompidou.fr\/fr\/programme\/agenda\/evenement\/ccpBnR\" target=\"_blank\" rel=\"noopener\">Centre Georges Pompidou<\/a>, en octobre, une r\u00e9trospective consacr\u00e9e \u00e0 <span style=\"color: #008000;\"><strong>Cocteau<\/strong><\/span>. Finaliste du <strong>prix Goncourt de la biographie<\/strong>, des <strong>prix Femina, Renaudot et <span style=\"color: #008000;\">Medicis<\/span> de l\u2019Essai<\/strong>, comme du <strong>prix de la Biographie<\/strong>, l\u2019ouvrage manque de peu le <strong>prix France T\u00e9l\u00e9vision 2003<\/strong>.<\/h6>\n<h6><strong>Apr\u00e8s \u00e9puisement des cinq premiers tirages, il est <span style=\"color: #008000;\">r\u00e9imprim\u00e9<\/span> le 24 septembre 2013, pour <span style=\"color: #008000;\">le 50\u00b0 anniversaire du d\u00e9c\u00e8s de COCTEAU<\/span>. Il est d\u00e9sormais disponible <a href=\"https:\/\/www.gallimard.fr\/Catalogue\/GALLIMARD\/NRF-Biographies\/Jean-Cocteau\" target=\"_blank\" rel=\"noopener\"><span style=\"color: #008000;\">en format num\u00e9rique<\/span><\/a>. Et <a href=\"https:\/\/www.fnac.com\/a1401823\/Claude-Arnaud-Jean-Cocteau?NUMERICAL=Y#bl=FA_ebook\" target=\"_blank\" rel=\"noopener\">encore<\/a>&#8230;<br \/>\n<\/strong><\/h6>\n<h6>FOREIGN RIGHTS<strong> :<\/strong> <span style=\"color: #008000;\"><strong>Anne-Solange Noble<\/strong><\/span>. Phone: 00331 49544356, fax: 00331 45449403, e-mail : anne-solange.noble@gallimard.fr\/ <a title=\"lien droits et. galli\" href=\"mailto:droitsetrangers@gallimard.fr\" target=\"_blank\" rel=\"noopener\">droitsetrangers@gallimard.fr<\/a><\/h6>\n<h6><span style=\"color: #008000;\"><strong>Pour trouver ce livre<\/strong><\/span> : <a title=\"lien site Gallimard\" href=\"http:\/\/www.gallimard.fr\/Catalogue\/GALLIMARD\/NRF-Biographies\/Jean-Cocteau\" target=\"_blank\" rel=\"noopener\">www.gallimard.fr<\/a>,<\/h6>\n<h6><a title=\"fnac\" href=\"http:\/\/livre.fnac.com\/a1401823\/Claude-Arnaud-Jean-Cocteau\" target=\"_blank\" rel=\"noopener\">www.fnac.com<\/a><\/h6>\n<h6><a title=\"amazon.fr\" href=\"http:\/\/www.amazon.fr\/Jean-Cocteau-Claude-Arnaud\/dp\/207075233X\" target=\"_blank\" rel=\"noopener\">www.amazon.fr<\/a><\/h6>\n<h6>Pour en savoir plus sur <a href=\"https:\/\/www.gallimard.fr\/collections\/nrf-biographies\" target=\"_blank\" rel=\"noopener\">les biographies nrf<\/a>&#8230;<\/h6>\n<\/blockquote>\n<h6>Et sur <a title=\"bio gallimard cocteau\" href=\"http:\/\/www.gallimard.fr\/Catalogue\/GALLIMARD\/NRF-Biographies\/Jean-Cocteau\" target=\"_blank\" rel=\"noopener\">ce Cocteau&#8230;<\/a><\/h6>\n<h6><\/h6>\n<blockquote>\n<h6><span style=\"color: #008000;\"><strong><a href=\"http:\/\/www.claude-arnaud.com\/fr\/wp-content\/uploads\/2009\/05\/dsc83291-199x300.jpg\"><img loading=\"lazy\" decoding=\"async\" class=\"alignleft size-thumbnail wp-image-1316\" title=\"_dsc83291-199x300\" src=\"http:\/\/www.claude-arnaud.com\/fr\/wp-content\/uploads\/2009\/05\/dsc83291-199x300-150x150.jpg\" alt=\"\" width=\"150\" height=\"150\" srcset=\"https:\/\/www.claude-arnaud.com\/fr\/wp-content\/uploads\/2009\/05\/dsc83291-199x300-150x150.jpg 150w, https:\/\/www.claude-arnaud.com\/fr\/wp-content\/uploads\/2009\/05\/dsc83291-199x300-64x64.jpg 64w\" sizes=\"auto, (max-width: 150px) 100vw, 150px\" \/><\/a>(Photo Hannah, Agence Opale)<br \/>\n<\/strong><\/span><\/h6>\n<blockquote>\n<h2><span style=\"color: #008000;\"><span style=\"text-decoration: underline;\"><strong>*AUTOUR DE COCTEAU<\/strong><\/span><\/span><\/h2>\n<h6><strong>Claude ARNAUD<\/strong> avait d\u00e9j\u00e0 publi\u00e9 un court essai sur Le Boeuf sur le toit, le bar embl\u00e9matique des ann\u00e9es 20 in :<span style=\"color: #008000;\"><strong>L\u2019ENTRE-DEUX-GUERRES<\/strong><\/span>, publi\u00e9 par <strong>Pascal Ory<\/strong> et <strong>Olivier Barrot<\/strong> en 1990 chez Jeanne Bourin. <a href=\"http:\/\/www.amazon.fr\/Entre-deux-guerres-Olivier-Barrot\/dp\/2876860570\" target=\"_blank\" rel=\"noopener\"><em>Pour trouver ce livre&#8230;<\/em><\/a><\/h6>\n<h6><span style=\"color: #008000;\"><strong>L\u2019AMOUR FOU<\/strong><\/span>, ouvrage collectif publi\u00e9 en septembre 2006 aux \u00e9ditions Maren Sell, sous la direction de Val\u00e9rie Marin La Mesl\u00e9e, comporte en outre un essai de <strong>Claude ARNAUD<\/strong> sur la relation <span style=\"color: #008000;\"><strong>Cocteau-Radiguet.<\/strong><\/span> <em><a href=\"http:\/\/livre.fnac.com\/a1865074\/Collectif-L-amour-fou\" target=\"_blank\" rel=\"noopener\">Pour trouver ce livre&#8230;<\/a><br \/>\n<\/em><\/h6>\n<h6><strong><strong><strong><strong><strong><span style=\"color: #008000;\">Claude ARNAUD<\/span> t<\/strong><\/strong><\/strong><\/strong><\/strong>raite de Cocteau cin\u00e9aste &#8211; ou plut\u00f4t cin\u00e9crivain &#8211; in :<strong><strong><strong><strong><strong> DEREK JARMAN, JEAN COCTEAU, ALCHIMIE<\/strong><\/strong><\/strong>, textes in\u00e9dits et filmographies, <\/strong><\/strong>publi\u00e9 en mars 2008 \u00e0 l\u2019occasion du 19\u00e8me Festival Cin\u00e9ma de Bobigny, sous la direction de Dominique Bax. Editeur Magic Cin\u00e9ma. <strong><strong><a href=\"https:\/\/www.amazon.fr\/Derek-Jarman-Jean-Cocteau-Alchimie\/dp\/2912561183\" target=\"_blank\" rel=\"noopener\">Pour trouver cet ouvrage<\/a><strong><strong><strong><strong>&#8230;<\/strong><\/strong><\/strong><\/strong><\/strong><\/strong><\/h6>\n<h6><strong><strong><span style=\"color: #008000;\"><strong>CLAUDE ARNAUD<\/strong><\/span>\u00a0REVIENT SUR <span style=\"color: #008000;\"><em>COCTEAU ET\u00a0<strong>LES BALLETS RUSSES<\/strong><\/em><\/span>\u00a0DANS UN OUVRAGE COLLECTIF HOMONYME, PUBLI\u00c9 \u00c0 L&rsquo;OCCASION D&rsquo;UNE EXPOSITION \u00c0 L&rsquo;OP\u00c9RA DE PARIS EN 2009 AUX \u00c9D. GOURCUFF GRADENIGO.<a title=\"Ballets russes\" href=\"http:\/\/www.gourcuff-gradenigo.com\/balletrussse.html\" target=\"_blank\" rel=\"noopener\">\u00a0POUR FEUILLETER OU ACQU\u00c9RIR CET OUVRAGE&#8230;<\/a><\/strong><\/strong><\/h6>\n<h6><strong><strong>IL REEXAMINE ENCORE LA RELATION SADOMASOCHISTE QUI UNIT, PRES DE 50 ANS DURANT, <span style=\"color: #008000;\">COCTEAU A PICASSO<\/span> DANS UN TEXTE INTITULE <span style=\"color: #008000;\">\u00ab\u00a0MINOTAUR, BANDERILLO\u00a0\u00bb<\/span>, PUBLIE DANS LE CATALOGUE DE LEXPOSITION <em><span style=\"color: #008000;\">PICASSO, THE MEDITERRANEAN YEARS (1945-1962<\/span>)<\/em> ORGANISE PAR LA GAGOSIAN GALERY EN 2010 A NEW-YORk, SOUS L&rsquo;AUTORITE <a title=\"fnac\" href=\"http:\/\/livre.fnac.com\/a3250749\/Brian-John-Richardson-Picasso-The-Mediterranean-years-1945-1962\" target=\"_blank\" rel=\"noopener\">DE JOHN RICHARDSON<\/a>&#8230;<\/strong><\/strong><\/h6>\n<h6><strong>Claude ARNAUD<\/strong> commente le tournage et la signification de <span style=\"color: #008000;\"><strong>la Belle et la B\u00eate<\/strong> <\/span>dans le bonus du DVD que le <strong>Studio Canal<\/strong> a consacr\u00e9 au film. Pour trouver ce DVD\u00a0 de \u00a0<a href=\"https:\/\/www.placedeslibraires.fr\/dvd\/3259130227642-la-belle-et-la-bete-cocteau-jean\/\" target=\"_blank\" rel=\"noopener\"><strong>La belle et la b\u00eate restaur\u00e9e<\/strong><\/a>\u2026 Pour lire le commentaire qu&rsquo;en a fait <strong>Olivier LALANNE<\/strong> <a title=\"les Inrocks\" href=\"http:\/\/www.lesinrocks.com\/cinema\/films-a-l-affiche\/la-belle-et-la-bete\/\" target=\"_blank\" rel=\"noopener\">dans les Inrocks&#8230;<\/a><\/h6>\n<h6><strong><strong><strong>Pour en savoir plus <span style=\"color: #008000;\">sur ces DERNIERes CONTRIBUTIONS<\/span><\/strong>, cliquer sur l&rsquo;onglet <a title=\"sur le cinema\" href=\"http:\/\/www.claude-arnaud.com\/fr\/cinema-et-theatre\/ecrits-sur-le-cinema\">\u201csur le cinema\u201d de ce site<\/a>.<\/strong><\/strong><\/h6>\n<\/blockquote>\n<h6><\/h6>\n<\/blockquote>\n","protected":false},"excerpt":{"rendered":"<p>La seconde biographie de CLAUDE ARNAUD, COCTEAU, para\u00eet en ao\u00fbt 2003 chez Gallimard (ISBN : 2-07-075233-X). Accompagn\u00e9e par un \u00e9diteur d\u2019exception, Georges LI\u00c9BERT, d\u00e9j\u00e0 en charge de la biographie de CHAMFORT chez R. Laffont, cette biographie b\u00e9n\u00e9ficie d\u2019une presse enthousiaste avant que ne s\u2019ouvre, au Centre Georges Pompidou, en octobre, une r\u00e9trospective consacr\u00e9e \u00e0 Cocteau. [&hellip;]<\/p>\n","protected":false},"author":1,"featured_media":0,"parent":10,"menu_order":1,"comment_status":"open","ping_status":"open","template":"","meta":{"footnotes":""},"class_list":["post-36","page","type-page","status-publish","hentry","count-0","even alt","author-admin","last"],"post_mailing_queue_ids":[],"_links":{"self":[{"href":"https:\/\/www.claude-arnaud.com\/fr\/wp-json\/wp\/v2\/pages\/36","targetHints":{"allow":["GET"]}}],"collection":[{"href":"https:\/\/www.claude-arnaud.com\/fr\/wp-json\/wp\/v2\/pages"}],"about":[{"href":"https:\/\/www.claude-arnaud.com\/fr\/wp-json\/wp\/v2\/types\/page"}],"author":[{"embeddable":true,"href":"https:\/\/www.claude-arnaud.com\/fr\/wp-json\/wp\/v2\/users\/1"}],"replies":[{"embeddable":true,"href":"https:\/\/www.claude-arnaud.com\/fr\/wp-json\/wp\/v2\/comments?post=36"}],"version-history":[{"count":74,"href":"https:\/\/www.claude-arnaud.com\/fr\/wp-json\/wp\/v2\/pages\/36\/revisions"}],"predecessor-version":[{"id":16338,"href":"https:\/\/www.claude-arnaud.com\/fr\/wp-json\/wp\/v2\/pages\/36\/revisions\/16338"}],"up":[{"embeddable":true,"href":"https:\/\/www.claude-arnaud.com\/fr\/wp-json\/wp\/v2\/pages\/10"}],"wp:attachment":[{"href":"https:\/\/www.claude-arnaud.com\/fr\/wp-json\/wp\/v2\/media?parent=36"}],"curies":[{"name":"wp","href":"https:\/\/api.w.org\/{rel}","templated":true}]}}

<div></div>
<blockquote>
<h6><strong><img loading="lazy" decoding="async" class="alignleft size-full wp-image-4897" src="http://www.claude-arnaud.com/fr/wp-content/uploads/2013/11/Arnaud-Claude-Jean-Cocteau-Livre-932991799_ML.jpg" alt="" width="270" height="270" srcset="https://www.claude-arnaud.com/fr/wp-content/uploads/2013/11/Arnaud-Claude-Jean-Cocteau-Livre-932991799_ML.jpg 270w, https://www.claude-arnaud.com/fr/wp-content/uploads/2013/11/Arnaud-Claude-Jean-Cocteau-Livre-932991799_ML-150x150.jpg 150w, https://www.claude-arnaud.com/fr/wp-content/uploads/2013/11/Arnaud-Claude-Jean-Cocteau-Livre-932991799_ML-48x48.jpg 48w" sizes="auto, (max-width: 270px) 100vw, 270px" />La seconde biographie de <span style="color: #008000;">CLAUDE ARNAUD</span>, <em><span style="color: #000000;">COCTEAU</span></em>, paraît en août 2003 chez Gallimard (ISBN : 2-07-075233-X)</strong>.</h6>
<h6></h6>
<h6>Accompagnée par un éditeur d’exception, <span style="color: #008000;"><strong>Georges LIÉBERT</strong></span>, déjà en charge de la biographie de <span style="color: #008000;"><strong>CHAMFORT</strong></span> chez R. Laffont, cette biographie bénéficie d’une presse enthousiaste avant que ne s’ouvre, au <a href="https://www.centrepompidou.fr/fr/programme/agenda/evenement/ccpBnR" target="_blank" rel="noopener">Centre Georges Pompidou</a>, en octobre, une rétrospective consacrée à <span style="color: #008000;"><strong>Cocteau</strong></span>. Finaliste du <strong>prix Goncourt de la biographie</strong>, des <strong>prix Femina, Renaudot et <span style="color: #008000;">Medicis</span> de l’Essai</strong>, comme du <strong>prix de la Biographie</strong>, l’ouvrage manque de peu le <strong>prix France Télévision 2003</strong>.</h6>
<h6><strong>Après épuisement des cinq premiers tirages, il est <span style="color: #008000;">réimprimé</span> le 24 septembre 2013, pour <span style="color: #008000;">le 50° anniversaire du décès de COCTEAU</span>. Il est désormais disponible <a href="https://www.gallimard.fr/Catalogue/GALLIMARD/NRF-Biographies/Jean-Cocteau" target="_blank" rel="noopener"><span style="color: #008000;">en format numérique</span></a>. Et <a href="https://www.fnac.com/a1401823/Claude-Arnaud-Jean-Cocteau?NUMERICAL=Y#bl=FA_ebook" target="_blank" rel="noopener">encore</a>&#8230;<br />
</strong></h6>
<h6>FOREIGN RIGHTS<strong> :</strong> <span style="color: #008000;"><strong>Anne-Solange Noble</strong></span>. Phone: 00331 49544356, fax: 00331 45449403, e-mail : anne-solange.noble@gallimard.fr/ <a title="lien droits et. galli" href="mailto:droitsetrangers@gallimard.fr" target="_blank" rel="noopener">droitsetrangers@gallimard.fr</a></h6>
<h6><span style="color: #008000;"><strong>Pour trouver ce livre</strong></span> : <a title="lien site Gallimard" href="http://www.gallimard.fr/Catalogue/GALLIMARD/NRF-Biographies/Jean-Cocteau" target="_blank" rel="noopener">www.gallimard.fr</a>,</h6>
<h6><a title="fnac" href="http://livre.fnac.com/a1401823/Claude-Arnaud-Jean-Cocteau" target="_blank" rel="noopener">www.fnac.com</a></h6>
<h6><a title="amazon.fr" href="http://www.amazon.fr/Jean-Cocteau-Claude-Arnaud/dp/207075233X" target="_blank" rel="noopener">www.amazon.fr</a></h6>
<h6>Pour en savoir plus sur <a href="https://www.gallimard.fr/collections/nrf-biographies" target="_blank" rel="noopener">les biographies nrf</a>&#8230;</h6>
</blockquote>
<h6>Et sur <a title="bio gallimard cocteau" href="http://www.gallimard.fr/Catalogue/GALLIMARD/NRF-Biographies/Jean-Cocteau" target="_blank" rel="noopener">ce Cocteau&#8230;</a></h6>
<h6></h6>
<blockquote>
<h6><span style="color: #008000;"><strong><a href="http://www.claude-arnaud.com/fr/wp-content/uploads/2009/05/dsc83291-199x300.jpg"><img loading="lazy" decoding="async" class="alignleft size-thumbnail wp-image-1316" title="_dsc83291-199x300" src="http://www.claude-arnaud.com/fr/wp-content/uploads/2009/05/dsc83291-199x300-150x150.jpg" alt="" width="150" height="150" srcset="https://www.claude-arnaud.com/fr/wp-content/uploads/2009/05/dsc83291-199x300-150x150.jpg 150w, https://www.claude-arnaud.com/fr/wp-content/uploads/2009/05/dsc83291-199x300-64x64.jpg 64w" sizes="auto, (max-width: 150px) 100vw, 150px" /></a>(Photo Hannah, Agence Opale)<br />
</strong></span></h6>
<blockquote>
<h2><span style="color: #008000;"><span style="text-decoration: underline;"><strong>*AUTOUR DE COCTEAU</strong></span></span></h2>
<h6><strong>Claude ARNAUD</strong> avait déjà publié un court essai sur Le Boeuf sur le toit, le bar emblématique des années 20 in :<span style="color: #008000;"><strong>L’ENTRE-DEUX-GUERRES</strong></span>, publié par <strong>Pascal Ory</strong> et <strong>Olivier Barrot</strong> en 1990 chez Jeanne Bourin. <a href="http://www.amazon.fr/Entre-deux-guerres-Olivier-Barrot/dp/2876860570" target="_blank" rel="noopener"><em>Pour trouver ce livre&#8230;</em></a></h6>
<h6><span style="color: #008000;"><strong>L’AMOUR FOU</strong></span>, ouvrage collectif publié en septembre 2006 aux éditions Maren Sell, sous la direction de Valérie Marin La Meslée, comporte en outre un essai de <strong>Claude ARNAUD</strong> sur la relation <span style="color: #008000;"><strong>Cocteau-Radiguet.</strong></span> <em><a href="http://livre.fnac.com/a1865074/Collectif-L-amour-fou" target="_blank" rel="noopener">Pour trouver ce livre&#8230;</a><br />
</em></h6>
<h6><strong><strong><strong><strong><strong><span style="color: #008000;">Claude ARNAUD</span> t</strong></strong></strong></strong></strong>raite de Cocteau cinéaste &#8211; ou plutôt cinécrivain &#8211; in :<strong><strong><strong><strong><strong> DEREK JARMAN, JEAN COCTEAU, ALCHIMIE</strong></strong></strong>, textes inédits et filmographies, </strong></strong>publié en mars 2008 à l’occasion du 19ème Festival Cinéma de Bobigny, sous la direction de Dominique Bax. Editeur Magic Cinéma. <strong><strong><a href="https://www.amazon.fr/Derek-Jarman-Jean-Cocteau-Alchimie/dp/2912561183" target="_blank" rel="noopener">Pour trouver cet ouvrage</a><strong><strong><strong><strong>&#8230;</strong></strong></strong></strong></strong></strong></h6>
<h6><strong><strong><span style="color: #008000;"><strong>CLAUDE ARNAUD</strong></span> REVIENT SUR <span style="color: #008000;"><em>COCTEAU ET <strong>LES BALLETS RUSSES</strong></em></span> DANS UN OUVRAGE COLLECTIF HOMONYME, PUBLIÉ À L&rsquo;OCCASION D&rsquo;UNE EXPOSITION À L&rsquo;OPÉRA DE PARIS EN 2009 AUX ÉD. GOURCUFF GRADENIGO.<a title="Ballets russes" href="http://www.gourcuff-gradenigo.com/balletrussse.html" target="_blank" rel="noopener"> POUR FEUILLETER OU ACQUÉRIR CET OUVRAGE&#8230;</a></strong></strong></h6>
<h6><strong><strong>IL REEXAMINE ENCORE LA RELATION SADOMASOCHISTE QUI UNIT, PRES DE 50 ANS DURANT, <span style="color: #008000;">COCTEAU A PICASSO</span> DANS UN TEXTE INTITULE <span style="color: #008000;">« MINOTAUR, BANDERILLO »</span>, PUBLIE DANS LE CATALOGUE DE LEXPOSITION <em><span style="color: #008000;">PICASSO, THE MEDITERRANEAN YEARS (1945-1962</span>)</em> ORGANISE PAR LA GAGOSIAN GALERY EN 2010 A NEW-YORk, SOUS L&rsquo;AUTORITE <a title="fnac" href="http://livre.fnac.com/a3250749/Brian-John-Richardson-Picasso-The-Mediterranean-years-1945-1962" target="_blank" rel="noopener">DE JOHN RICHARDSON</a>&#8230;</strong></strong></h6>
<h6><strong>Claude ARNAUD</strong> commente le tournage et la signification de <span style="color: #008000;"><strong>la Belle et la Bête</strong> </span>dans le bonus du DVD que le <strong>Studio Canal</strong> a consacré au film. Pour trouver ce DVD  de  <a href="https://www.placedeslibraires.fr/dvd/3259130227642-la-belle-et-la-bete-cocteau-jean/" target="_blank" rel="noopener"><strong>La belle et la bête restaurée</strong></a>… Pour lire le commentaire qu&rsquo;en a fait <strong>Olivier LALANNE</strong> <a title="les Inrocks" href="http://www.lesinrocks.com/cinema/films-a-l-affiche/la-belle-et-la-bete/" target="_blank" rel="noopener">dans les Inrocks&#8230;</a></h6>
<h6><strong><strong><strong>Pour en savoir plus <span style="color: #008000;">sur ces DERNIERes CONTRIBUTIONS</span></strong>, cliquer sur l&rsquo;onglet <a title="sur le cinema" href="http://www.claude-arnaud.com/fr/cinema-et-theatre/ecrits-sur-le-cinema">“sur le cinema” de ce site</a>.</strong></strong></h6>
</blockquote>
<h6></h6>
</blockquote>

<p>La seconde biographie de CLAUDE ARNAUD, COCTEAU, paraît en août 2003 chez Gallimard (ISBN : 2-07-075233-X). Accompagnée par un éditeur d’exception, Georges LIÉBERT, déjà en charge de la biographie de CHAMFORT chez R. Laffont, cette biographie bénéficie d’une presse enthousiaste avant que ne s’ouvre, au Centre Georges Pompidou, en octobre, une rétrospective consacrée à Cocteau. [&hellip;]</p>
